{"id":3,"date":"2020-11-20T08:12:44","date_gmt":"2020-11-20T11:12:44","guid":{"rendered":"http:\/\/herbicarconsorcio.com\/site\/?page_id=3"},"modified":"2021-07-23T13:56:07","modified_gmt":"2021-07-23T16:56:07","slug":"politica-de-privacidade","status":"publish","type":"page","link":"http:\/\/herbicarconsorcio.com\/site\/politica-de-privacidade\/","title":{"rendered":"Pol\u00edtica de privacidade"},"content":{"rendered":"<p><div class=\"fusion-fullwidth fullwidth-box fusion-builder-row-1 fusion-flex-container nonhundred-percent-fullwidth non-hundred-percent-height-scrolling\" style=\"background-color: rgba(255,255,255,0);background-position: center center;background-repeat: no-repeat;border-width: 0px 0px 0px 0px;border-color:#eae9e9;border-style:solid;\" ><div class=\"fusion-builder-row fusion-row fusion-flex-align-items-flex-start\" style=\"max-width:1185.6px;margin-left: calc(-4% \/ 2 );margin-right: calc(-4% \/ 2 );\"><div class=\"fusion-layout-column fusion_builder_column fusion-builder-column-0 fusion_builder_column_1_1 1_1 fusion-flex-column\"><div class=\"fusion-column-wrapper fusion-flex-justify-content-flex-start fusion-content-layout-column\" style=\"background-position:left top;background-repeat:no-repeat;-webkit-background-size:cover;-moz-background-size:cover;-o-background-size:cover;background-size:cover;padding: 0px 0px 0px 0px;\"><\/div><style type=\"text\/css\">.fusion-body .fusion-builder-column-0{width:100% !important;margin-top : 0px;margin-bottom : 0px;}.fusion-builder-column-0 > .fusion-column-wrapper {padding-top : 0px !important;padding-right : 0px !important;margin-right : 1.92%;padding-bottom : 0px !important;padding-left : 0px !important;margin-left : 1.92%;}@media only screen and (max-width:1024px) {.fusion-body .fusion-builder-column-0{width:100% !important;order : 0;}.fusion-builder-column-0 > .fusion-column-wrapper {margin-right : 1.92%;margin-left : 1.92%;}}@media only screen and (max-width:640px) {.fusion-body .fusion-builder-column-0{width:100% !important;order : 0;}.fusion-builder-column-0 > .fusion-column-wrapper {margin-right : 1.92%;margin-left : 1.92%;}}<\/style><\/div><div class=\"fusion-layout-column fusion_builder_column fusion-builder-column-1 fusion_builder_column_1_1 1_1 fusion-flex-column\"><div class=\"fusion-column-wrapper fusion-flex-justify-content-flex-start fusion-content-layout-column\" style=\"background-image: url(&#039;http:\/\/herbicarconsorcio.com\/site\/wp-content\/uploads\/2021\/07\/LGPD-2-FOTO-SITE.png&#039;);background-position:left top;background-repeat:no-repeat;-webkit-background-size:cover;-moz-background-size:cover;-o-background-size:cover;background-size:cover;padding: 0px 0px 0px 0px;\" data-bg-url=\"http:\/\/herbicarconsorcio.com\/site\/wp-content\/uploads\/2021\/07\/LGPD-2-FOTO-SITE.png\"><\/div><style type=\"text\/css\">.fusion-body .fusion-builder-column-1{width:100% !important;margin-top : 0px;margin-bottom : 0px;}.fusion-builder-column-1 > .fusion-column-wrapper {padding-top : 0px !important;padding-right : 0px !important;margin-right : 1.92%;padding-bottom : 0px !important;padding-left : 0px !important;margin-left : 1.92%;}@media only screen and (max-width:1024px) {.fusion-body .fusion-builder-column-1{width:100% !important;order : 0;}.fusion-builder-column-1 > .fusion-column-wrapper {margin-right : 1.92%;margin-left : 1.92%;}}@media only screen and (max-width:640px) {.fusion-body .fusion-builder-column-1{width:100% !important;order : 0;}.fusion-builder-column-1 > .fusion-column-wrapper {margin-right : 1.92%;margin-left : 1.92%;}}<\/style><\/div><\/div><style type=\"text\/css\">.fusion-body .fusion-flex-container.fusion-builder-row-1{ padding-top : 0px;margin-top : 0px;padding-right : 0px;padding-bottom : 0px;margin-bottom : 0px;padding-left : 0px;}<\/style><\/div><div class=\"fusion-fullwidth fullwidth-box fusion-builder-row-2 fusion-flex-container nonhundred-percent-fullwidth non-hundred-percent-height-scrolling\" style=\"background-color: rgba(255,255,255,0);background-position: center center;background-repeat: no-repeat;border-width: 0px 0px 0px 0px;border-color:#eae9e9;border-style:solid;\" ><div class=\"fusion-builder-row fusion-row fusion-flex-align-items-flex-start\" style=\"max-width:1185.6px;margin-left: calc(-4% \/ 2 );margin-right: calc(-4% \/ 2 );\"><\/div><style type=\"text\/css\">.fusion-body .fusion-flex-container.fusion-builder-row-2{ padding-top : 0px;margin-top : 0px;padding-right : 0px;padding-bottom : 0px;margin-bottom : 0px;padding-left : 0px;}<\/style><\/div><div class=\"fusion-fullwidth fullwidth-box fusion-builder-row-3 fusion-flex-container nonhundred-percent-fullwidth non-hundred-percent-height-scrolling\" style=\"background-color: rgba(255,255,255,0);background-position: center center;background-repeat: no-repeat;border-width: 0px 0px 0px 0px;border-color:#eae9e9;border-style:solid;\" ><div class=\"fusion-builder-row fusion-row fusion-flex-align-items-flex-start\" style=\"max-width:1185.6px;margin-left: calc(-4% \/ 2 );margin-right: calc(-4% \/ 2 );\"><div class=\"fusion-layout-column fusion_builder_column fusion-builder-column-2 fusion_builder_column_1_1 1_1 fusion-flex-column\"><div class=\"fusion-column-wrapper fusion-flex-justify-content-flex-start fusion-content-layout-column\" style=\"background-position:left top;background-repeat:no-repeat;-webkit-background-size:cover;-moz-background-size:cover;-o-background-size:cover;background-size:cover;padding: 0px 0px 0px 0px;\"><div class=\"fusion-text fusion-text-1\"><p style=\"text-align: center;\"><strong><br \/><\/strong><\/p>\n<p style=\"text-align: center;\"><strong>POLITICA DE PRIVACIDADE <\/strong><\/p>\n<p style=\"text-align: center;\"><strong>Lei Geral de Prote\u00e7\u00e3o de Dados Pessoais (LGPD)<\/strong><\/p>\n<p style=\"text-align: center;\"><strong> <\/strong>Este aviso foi elaborado para especial atendimento das Legisla\u00e7\u00f5es n\u00ba 13.709\/2018 (Lei Geral de Prote\u00e7\u00e3o de Dados Pessoais \u201cLGPD\u201d); n\u00ba 12.965\/2014 (Marco Civil da Internet); e n\u00ba 8.078\/1990 (C\u00f3digo de Defesa do Consumidor), sem preju\u00edzo de observ\u00e2ncia das demais legisla\u00e7\u00f5es aplic\u00e1veis para as atividades prestadas pela H ADMINISTRADORA.<\/p>\n<p><strong> <\/strong>A LGPD \u00e9 uma Lei que disp\u00f5e sobre o tratamento dedados pessoais em meios f\u00edsicos e digitais, com objetivo espec\u00edfico de prote\u00e7\u00e3o, privacidade e transpar\u00eancia de dados de pessoa f\u00edsica.<\/p>\n<p><strong>Quando a LGPD entra em vigor?<\/strong><\/p>\n<p>A LGPD entrou em vigor em 18 de setembro de 2020.<\/p>\n<p><strong>Principal Objetivo da Lei<\/strong><\/p>\n<p>A Lei Geral de Prote\u00e7\u00e3o de Dados Pessoais (LGPD) tem o objetivo de assegurar que os direitos fundamentais e a liberdade de privacidade sejam garantidos no momento emque houver o tratamento dos dados pessoais.<\/p>\n<p><strong>O que \u00e9 considerado tratamento de dados pessoais?<\/strong><\/p>\n<p>Toda opera\u00e7\u00e3o que utiliza informa\u00e7\u00f5es pessoais, incluindo a coleta, registro, organiza\u00e7\u00e3o, estrutura\u00e7\u00e3o, conserva\u00e7\u00e3o, atualiza\u00e7\u00e3o, recupera\u00e7\u00e3o, consulta, utiliza\u00e7\u00e3o, divulga\u00e7\u00e3o por transmiss\u00e3o, difus\u00e3o ou qualquer outra forma de disponibiliza\u00e7\u00e3o, compara\u00e7\u00e3o ou interconex\u00e3o, elimina\u00e7\u00e3o ou destrui\u00e7\u00e3o de dados pessoais.<\/p>\n<p><strong>Por que a H ADMINISTRADORA trata dados pessoais?<\/strong><\/p>\n<ul>\n<li>Cumprir obriga\u00e7\u00f5es regulat\u00f3rias ou legais;<\/li>\n<li>Exercer direito de defesa em processo judicial, administrativo ou arbitral;<\/li>\n<li>Cumprir decis\u00f5es de autoridades, administrativas ou judiciais;<\/li>\n<li>Verificar a sua identidade e garantir mais seguran\u00e7a durante a sua navega\u00e7\u00e3o em nossos canais, al\u00e9m de adotar procedimentos de preven\u00e7\u00e3o \u00e0 fraude para oferecer prote\u00e7\u00e3o ao titular ou a H Administradora;<\/li>\n<li>Executar a\u00e7\u00f5es em virtude de rela\u00e7\u00f5es pr\u00e9-contratuais, durante a vig\u00eancia de contrata\u00e7\u00e3o (ciclo de vida do produto) ou p\u00f3s-contrata\u00e7\u00e3o (reten\u00e7\u00e3o, cobran\u00e7a etc);<\/li>\n<li>Analisar perfil para aquisi\u00e7\u00e3o de cons\u00f3rcios, concess\u00e3o de cr\u00e9dito, gest\u00e3o de riscos, de acordo com as Pol\u00edticas Internas da H Administardora ou nos termos da regula\u00e7\u00e3o setorial;<\/li>\n<li>Tratar reclama\u00e7\u00f5es, d\u00favidas e solicita\u00e7\u00f5es (atendimento ao Cliente, SAC, Ouvidoria) e presta\u00e7\u00e3o de suporte ao titular;<\/li>\n<li>Realizar pesquisa de satisfa\u00e7\u00e3o de produtos\/servi\u00e7os;<\/li>\n<li>Proceder com auditorias;<\/li>\n<li>Analisar dados para aperfei\u00e7oar a usabilidade, experi\u00eancia e interatividade na utiliza\u00e7\u00e3o dos nossos portais, sites e aplicativos;<\/li>\n<li>Fazer ofertas e\/ou fornecer recomenda\u00e7\u00f5es mais assertivas \u00e0s suas necessidades ou interesses, inclusive mediante campanhas de marketing ou de simula\u00e7\u00f5es realizadas;<\/li>\n<li>Realizar pesquisas de comunica\u00e7\u00e3o e marketing de relacionamento para melhorar nossos produtos e servi\u00e7os;<\/li>\n<li>Promover campanhas, bolsas, patroc\u00ednios e eventos;<\/li>\n<li>Utilizar cookies, conforme esta Pol\u00edtica; e\/ou<\/li>\n<li>Realizar manuten\u00e7\u00e3o e a atualiza\u00e7\u00e3o cadastral.<\/li>\n<\/ul>\n<p><strong> <\/strong><\/p>\n<p><strong><u>Pol\u00edtica de Privacidade <\/u><\/strong><\/p>\n<p>A H. ADMINISTRADORA DE CONS\u00d3RCIOS LTDA. Tem como comprometimento tratar os seus dados pessoais com seguran\u00e7a, privacidade, respeito e transpar\u00eancia. Caso precise de mais esclarecimentos ou sanar alguma d\u00favida ou ainda, caso queira exercer seus direitos relacionados \u00e0 prote\u00e7\u00e3o e privacidade de seus dados pessoais, entre em contato atrav\u00e9s de nosso e-mail: <strong>atendimento@herbicarconsorcio.com<\/strong><\/p>\n<p>SUM\u00c1RIO<\/p>\n<p><strong>1 \u2013 INTRODU\u00c7\u00c3O<\/strong><\/p>\n<p><strong>2 \u2013 DEFINI\u00c7\u00d5ES<\/strong><\/p>\n<p><strong>3 \u2013 DADOS COLETADOS<\/strong><\/p>\n<p><strong>4 \u2013 COMPARTILHAMENTO DE DADOS<\/strong><\/p>\n<p><strong>5 &#8211; RETEN\u00c7\u00c3O DE SEUS DADOS PESSOAIS<\/strong><\/p>\n<p><strong>6 \u2013 DIREITOS DOS TITULARES DOS DADOS PESSOAIS<\/strong><\/p>\n<p><strong>7 \u2013 MEDIDAS DE SEGURAN\u00c7A<\/strong><\/p>\n<p><strong>8 \u2013 ATUALIZA\u00c7\u00d5ES DA POL\u00cdTICA DE PRIVACIDADE<\/strong><\/p>\n<\/p>\n<p><strong>1 &#8211; INTRODU\u00c7\u00c3O<\/strong><\/p>\n<p>No momento da contrata\u00e7\u00e3o da H, como Administradora de Cons\u00f3rcio, temos acesso aos seus dados pessoais (nome, CPF, RG, estado civil, profiss\u00e3o, endere\u00e7o, e-mail, endere\u00e7o, sexo, renda e dados banc\u00e1rios). Esses dados s\u00e3o necess\u00e1rios para a execu\u00e7\u00e3o do contrato e cumprimento de norma legal (Banco Central do Brasil).<\/p>\n<p>Ao aceitar os termos da POL\u00cdTICA DE PRIVACIDADE, voc\u00ea est\u00e1 ciente de que a controladora de seus dados pessoais ser\u00e1 a H. ADMINISTRADORA DE CONS\u00d3RCIOS LTDA, inscrita no CNPJ\/MF sob n\u00ba 03.586.655\/0001-81, com sede em Toledo\/PR, na Avenida Marip\u00e1 n\u00ba 5387, Jardim La Salle, Toledo\/PR<\/p>\n<p><strong>2 \u2013 DEFINI\u00c7\u00d5ES DE TERMOS:<\/strong><\/p>\n<p>2.1 \u2013 DADO PESSOAL: toda informa\u00e7\u00e3o relacionada a uma pessoa f\u00edsica que a torne diretamente identificada ou identific\u00e1vel (ex: nome, CPF, endere\u00e7o)<\/p>\n<p>2.2 \u2013 DADO PESSOAL SENS\u00cdVEL: informa\u00e7\u00f5es relacionadas a origem racial ou \u00e9tnica, convic\u00e7\u00e3o religiosa, opini\u00e3o pol\u00edtica, filia\u00e7\u00e3o a sindicato ou organiza\u00e7\u00e3o de car\u00e1ter religioso, filos\u00f3fico ou pol\u00edtico, dado referente \u00e0 sa\u00fade ou \u00e0 vida sexual, dado gen\u00e9tico ou biom\u00e9trico, quando vinculado a uma pessoa natural<\/p>\n<p>2.3 \u2013 TITULAR: pessoa natural a quem se referem os dados pessoais que s\u00e3o objetos de tratamento<\/p>\n<p>2.4 \u2013 TRATAMENTO: toda opera\u00e7\u00e3o realizada com dados pessoais, como as que se referem a coleta, produ\u00e7\u00e3o, recep\u00e7\u00e3o, classifica\u00e7\u00e3o, utiliza\u00e7\u00e3o, acesso, reprodu\u00e7\u00e3o, transmiss\u00e3o, distribui\u00e7\u00e3o, processamento, arquivamento, armazenamento, elimina\u00e7\u00e3o, avalia\u00e7\u00e3o ou controle da informa\u00e7\u00e3o, modifica\u00e7\u00e3o, comunica\u00e7\u00e3o, transfer\u00eancia, difus\u00e3o ou extra\u00e7\u00e3o<\/p>\n<p>2.5 \u2013 CONTROLADOR: pessoa natural ou jur\u00eddica, de direito p\u00fablico ou privado, a quem competem as decis\u00f5es referentes ao tratamento de dados pessoais<\/p>\n<p>2.6 \u2013 OPERADOR: pessoa natural ou jur\u00eddica, de direito p\u00fablico ou privado, que realiza o tratamento de dados pessoais em nome do controlador<\/p>\n<p>2.7 \u2013 ENCARREGADO: pessoa indicada pelo controlador e operador para atuar como canal de comunica\u00e7\u00e3o entre o controlador, os titulares dos dados e a Autoridade Nacional de Prote\u00e7\u00e3o de Dados (ANPD)<\/p>\n<p>2.8 \u2013 AUTORIDADE NACIONAL: \u00f3rg\u00e3o da administra\u00e7\u00e3o p\u00fablica respons\u00e1vel por zelar, implementar e fiscalizar o cumprimento da Lei 13.709\/2018<\/p>\n<p>As defini\u00e7\u00f5es e pr\u00e1ticas descritas nesta Pol\u00edtica de Privacidade est\u00e3o de acordo com a Lei n\u00ba 13.709\/2018 (Lei Geral de Prote\u00e7\u00e3o de Dados Pessoais, ou LGPD).<\/p>\n<p><strong>3 \u2013 DADOS COLETADOS<\/strong><\/p>\n<p>No momento da contrata\u00e7\u00e3o da H, como Administradora de Cons\u00f3rcio, temos acesso aos seus dados pessoais (ex. nome, CPF, e-mail, telefone e endere\u00e7o).<\/p>\n<p>Ao utilizar a nossa plataforma, voc\u00ea nos fornece e confirma seus dados pessoais, para que possamos viabilizar nossos servi\u00e7os e atender as exig\u00eancias do \u00f3rg\u00e3o normatizador (Banco Central).<\/p>\n<p>Ao aceitar os termos desta Pol\u00edtica de Privacidade, voc\u00ea concorda expressamente em fornecer apenas dados pessoais verdadeiros, atuais e precisos, sendo o \u00fanico respons\u00e1vel pelas informa\u00e7\u00f5es falsas, desatualizadas ou imprecisas que fornecer diretamente \u00e0 H.<\/p>\n<p><strong>4 \u2013 COMPARTILHAMENTO DE DADOS<\/strong><\/p>\n<p>Prezamos muito pela privacidade de nossos clientes, portanto, n\u00e3o compartilhamos seus dados com terceiros, exceto nas hip\u00f3teses necess\u00e1rias ou autorizadas, como abaixo exemplificado:<\/p>\n<ol>\n<li>a) Compartilhamento com \u00f3rg\u00e3os p\u00fablicos e entidades p\u00fablicas: poderemos compartilhar seus dados com \u00f3rg\u00e3os p\u00fablicos e entidades p\u00fablicas para atender eventuais obriga\u00e7\u00f5es legais e\/ou regulat\u00f3rias que sejam impostas aos servi\u00e7os que prestamos, bem como para cumprimento de ordens judiciais eventualmente impostas;<\/li>\n<li>b) Compartilhamento com prestadores de servi\u00e7o e parceiros comerciais: poderemos compartilhar seus dados pessoais com prestadores de servi\u00e7o e parceiros comerciais, inclusive institui\u00e7\u00f5es financeiras, para melhor presta\u00e7\u00e3o de servi\u00e7os.<\/li>\n<\/ol>\n<p><strong>5 \u2013 RETEN\u00c7\u00c3O DE SEUS DADOS PESSOAIS<\/strong><\/p>\n<p>Enquanto voc\u00ea for um consorciado da H ADMINISTARDORA, durante o uso de nossos servi\u00e7os e execu\u00e7\u00e3o do contrato de cons\u00f3rcio, n\u00f3s armazenaremos seus dados pessoais e estes ser\u00e3o mantidos em ambiente seguro e controlado.<\/p>\n<p>Ser\u00e3o respeitados tamb\u00e9m os prazos prescricionais previstos em lei.<\/p>\n<p><strong>6 \u2013 DIREITOS DOS TITULARES<\/strong><\/p>\n<p>A partir da entrada em vigor da LGPD, voc\u00ea como titular de dados pessoais pode exercer seus direitos frente aos controladores, a saber:<\/p>\n<ol>\n<li>a) Confirma\u00e7\u00e3o da exist\u00eancia de tratamento: Se voc\u00ea consorciado, n\u00f3s tratamos dos seus dados pessoais;<\/li>\n<li>b) Acesso aos dados pessoais: Voc\u00ea pode solicitar que a H. informe e forne\u00e7a os seus dados pessoais que possui;<\/li>\n<li>c) Corre\u00e7\u00e3o de dados pessoais incompletos, inexatos ou desatualizados: Se voc\u00ea verificar que os seus dados pessoais est\u00e3o incompletos, inexatos ou desatualizados, voc\u00ea pode pedir a corre\u00e7\u00e3o ou complementa\u00e7\u00e3o \u00e0 H;<\/li>\n<li>d) Anonimiza\u00e7\u00e3o, bloqueio ou elimina\u00e7\u00e3o de dados desnecess\u00e1rios, excessivos ou tratados em desconformidade com a LGPD: Caso qualquer dado pessoal seja tratado de forma desnecess\u00e1ria, em excesso para a finalidade a que se destina ou em desconformidade com a LGPD, voc\u00ea pode solicitar que a H anonimize, bloqueie ou elimine esses dados, desde que fique efetivamente constatado o excesso, a falta de necessidade ou a desconformidade com a lei;<\/li>\n<li>e) Elimina\u00e7\u00e3o dos dados pessoais tratados com o consentimento: Caso voc\u00ea tenha dado o consentimento para tratamento dos seus dados pessoais para finalidades espec\u00edficas (e n\u00e3o imprescind\u00edvel para a presta\u00e7\u00e3o dos nossos servi\u00e7os ou entrega dos nossos produtos), voc\u00ea poder\u00e1 solicitar a elimina\u00e7\u00e3o desses dados pessoais;<\/li>\n<li>f) Informa\u00e7\u00e3o das empresas com as quais seus dados foram compartilhados: Voc\u00ea pode solicitar que a H informe com quais terceiros compartilhou ou de quem recebeu seus dados pessoais;<\/li>\n<li>g) Revoga\u00e7\u00e3o do consentimento: Caso voc\u00ea tenha dado o seu consentimento para tratamento dos seus dados pessoais, voc\u00ea pode solicitar a revoga\u00e7\u00e3o desta autoriza\u00e7\u00e3o. A revoga\u00e7\u00e3o do consentimento pode resultar no encerramento dos servi\u00e7os prestados, mas n\u00e3o impede o uso de (i) dados anonimizados; e (ii) dados cujo tratamento esteja baseado em outra hip\u00f3tese legal prevista na LGPD;<\/li>\n<\/ol>\n<p><strong>7 \u2013 MEDIDAS DE SEGURAN\u00c7A<\/strong><\/p>\n<p>A H usa diversos tipos de medidas de seguran\u00e7a para garantir a integridade de seus dados pessoais, como padr\u00f5es de seguran\u00e7a de informa\u00e7\u00e3o praticados pelas empresas quando coletam e armazenam dados pessoais.<\/p>\n<p><strong>8 \u2013 ATUALIZA\u00c7\u00d5ES DA POL\u00cdTICA DE PRIVACIDADE<\/strong><\/p>\n<p><strong> <\/strong>Enviaremos um comunicado a voc\u00ea sempre que realizarmos algum tipo de atualiza\u00e7\u00e3o e\/ou altera\u00e7\u00e3o nessas Pol\u00edticas de Privacidade e, caso seja necess\u00e1rio seu consentimento, solicitaremos imediatamente.<\/p><\/p>\n<\/div><\/div><style type=\"text\/css\">.fusion-body .fusion-builder-column-2{width:100% !important;margin-top : 0px;margin-bottom : 0px;}.fusion-builder-column-2 > .fusion-column-wrapper {padding-top : 0px !important;padding-right : 0px !important;margin-right : 1.92%;padding-bottom : 0px !important;padding-left : 0px !important;margin-left : 1.92%;}@media only screen and (max-width:1024px) {.fusion-body .fusion-builder-column-2{width:100% !important;}.fusion-builder-column-2 > .fusion-column-wrapper {margin-right : 1.92%;margin-left : 1.92%;}}@media only screen and (max-width:640px) {.fusion-body .fusion-builder-column-2{width:100% !important;}.fusion-builder-column-2 > .fusion-column-wrapper {margin-right : 1.92%;margin-left : 1.92%;}}<\/style><\/div><\/div><style type=\"text\/css\">.fusion-body .fusion-flex-container.fusion-builder-row-3{ padding-top : 0px;margin-top : 0px;padding-right : 0px;padding-bottom : 0px;margin-bottom : 0px;padding-left : 0px;}<\/style><\/div><\/p>\n","protected":false},"excerpt":{"rendered":"","protected":false},"author":1,"featured_media":0,"parent":0,"menu_order":0,"comment_status":"closed","ping_status":"open","template":"","meta":[],"_links":{"self":[{"href":"http:\/\/herbicarconsorcio.com\/site\/wp-json\/wp\/v2\/pages\/3"}],"collection":[{"href":"http:\/\/herbicarconsorcio.com\/site\/wp-json\/wp\/v2\/pages"}],"about":[{"href":"http:\/\/herbicarconsorcio.com\/site\/wp-json\/wp\/v2\/types\/page"}],"author":[{"embeddable":true,"href":"http:\/\/herbicarconsorcio.com\/site\/wp-json\/wp\/v2\/users\/1"}],"replies":[{"embeddable":true,"href":"http:\/\/herbicarconsorcio.com\/site\/wp-json\/wp\/v2\/comments?post=3"}],"version-history":[{"count":6,"href":"http:\/\/herbicarconsorcio.com\/site\/wp-json\/wp\/v2\/pages\/3\/revisions"}],"predecessor-version":[{"id":3087,"href":"http:\/\/herbicarconsorcio.com\/site\/wp-json\/wp\/v2\/pages\/3\/revisions\/3087"}],"wp:attachment":[{"href":"http:\/\/herbicarconsorcio.com\/site\/wp-json\/wp\/v2\/media?parent=3"}],"curies":[{"name":"wp","href":"https:\/\/api.w.org\/{rel}","templated":true}]}}